{"id":49,"date":"2024-04-14T19:34:03","date_gmt":"2024-04-14T17:34:03","guid":{"rendered":"https:\/\/krainabursztynu.com\/?page_id=49"},"modified":"2025-07-02T10:21:16","modified_gmt":"2025-07-02T08:21:16","slug":"zielone-szkoly","status":"publish","type":"page","link":"https:\/\/krainabursztynu.com\/?page_id=49","title":{"rendered":"Zielone szko\u0142y"},"content":{"rendered":"\n<p class=\"has-text-align-center\"><a href=\"mailto:wyprawa@krainabursztynu.com\"><strong>wyprawa@krainabursztynu.com<\/strong><\/a><strong>; +48 663 877167; + 48 601918675<\/strong><\/p>\n\n\n\n<figure class=\"wp-block-image size-full has-custom-border is-style-rounded\"><img loading=\"lazy\" decoding=\"async\" width=\"1024\" height=\"1024\" src=\"https:\/\/krainabursztynu.com\/wp-content\/uploads\/2024\/04\/577a250a-12be-4596-8f77-725fd86cc86d.jpg\" alt=\"\" class=\"has-border-color wp-image-107\" style=\"border-color:#1921cb;border-width:22px;border-radius:100px\" srcset=\"https:\/\/krainabursztynu.com\/wp-content\/uploads\/2024\/04\/577a250a-12be-4596-8f77-725fd86cc86d.jpg 1024w, https:\/\/krainabursztynu.com\/wp-content\/uploads\/2024\/04\/577a250a-12be-4596-8f77-725fd86cc86d-300x300.jpg 300w, https:\/\/krainabursztynu.com\/wp-content\/uploads\/2024\/04\/577a250a-12be-4596-8f77-725fd86cc86d-150x150.jpg 150w, https:\/\/krainabursztynu.com\/wp-content\/uploads\/2024\/04\/577a250a-12be-4596-8f77-725fd86cc86d-768x768.jpg 768w\" sizes=\"auto, (max-width: 1024px) 100vw, 1024px\" \/><\/figure>\n\n\n\n<p><a href=\"https:\/\/krainabursztynu.com\/?page_id=562\" data-type=\"page\" data-id=\"562\"><strong>G\u00f3ry \u015awi\u0119tokrzyskie<\/strong><\/a><\/p>\n\n\n\n<p><a href=\"https:\/\/krainabursztynu.com\/?page_id=558\" data-type=\"page\" data-id=\"558\"><strong>Jura Krakowsko &#8211; Cz\u0119stochowska<\/strong><\/a><\/p>\n\n\n\n<p><a href=\"https:\/\/krainabursztynu.com\/?page_id=565\" data-type=\"page\" data-id=\"565\"><strong>Pieniny<\/strong><\/a><\/p>\n\n\n\n<p><\/p>\n","protected":false},"excerpt":{"rendered":"<p>wyprawa@krainabursztynu.com; +48 663 877167; + 48 601918675 G\u00f3ry \u015awi\u0119tokrzyskie Jura Krakowsko &#8211; Cz\u0119stochowska Pieniny<\/p>\n","protected":false},"author":1,"featured_media":9,"parent":0,"menu_order":0,"comment_status":"closed","ping_status":"closed","template":"","meta":{"footnotes":""},"class_list":["post-49","page","type-page","status-publish","has-post-thumbnail","hentry"],"_links":{"self":[{"href":"https:\/\/krainabursztynu.com\/index.php?rest_route=\/wp\/v2\/pages\/49","targetHints":{"allow":["GET"]}}],"collection":[{"href":"https:\/\/krainabursztynu.com\/index.php?rest_route=\/wp\/v2\/pages"}],"about":[{"href":"https:\/\/krainabursztynu.com\/index.php?rest_route=\/wp\/v2\/types\/page"}],"author":[{"embeddable":true,"href":"https:\/\/krainabursztynu.com\/index.php?rest_route=\/wp\/v2\/users\/1"}],"replies":[{"embeddable":true,"href":"https:\/\/krainabursztynu.com\/index.php?rest_route=%2Fwp%2Fv2%2Fcomments&post=49"}],"version-history":[{"count":7,"href":"https:\/\/krainabursztynu.com\/index.php?rest_route=\/wp\/v2\/pages\/49\/revisions"}],"predecessor-version":[{"id":568,"href":"https:\/\/krainabursztynu.com\/index.php?rest_route=\/wp\/v2\/pages\/49\/revisions\/568"}],"wp:featuredmedia":[{"embeddable":true,"href":"https:\/\/krainabursztynu.com\/index.php?rest_route=\/wp\/v2\/media\/9"}],"wp:attachment":[{"href":"https:\/\/krainabursztynu.com\/index.php?rest_route=%2Fwp%2Fv2%2Fmedia&parent=49"}],"curies":[{"name":"wp","href":"https:\/\/api.w.org\/{rel}","templated":true}]}}